{"id":2,"date":"2015-09-16T04:24:25","date_gmt":"2015-09-16T04:24:25","guid":{"rendered":"http:\/\/wp431m.a10-52-158-154.qa.plesk.ru\/wordpress\/?page_id=2"},"modified":"2015-11-27T16:01:06","modified_gmt":"2015-11-27T16:01:06","slug":"sample-page","status":"publish","type":"page","link":"https:\/\/werbearchitekten.net\/wordpress\/?page_id=2","title":{"rendered":"Folienplott"},"content":{"rendered":"<h1><strong>Wir bieten Ihnen sch\u00f6nen Ausblick und diskreten Einblick!<\/strong><\/h1>\n<p>Mit Hilfe von Plottern k\u00f6nnen Graphiken aus Fabrbfolien\u00a0 werden.<br \/>\nDie einzelnen so herausgel\u00f6sten Elemente werden dann mit Hilfe einer \u00dcbertragungsfolie auf das Zielobjekt aufgeklebt.<br \/>\nSo k\u00f6nnen Auto- und LKW- Beklebungen, Gesch\u00e4ftsbeschriftungen oder Schilder hergestellt werden.<\/p>\n<p>Jede Folie wird individuell auf den Millimeter gefertigt. Diese Klebefolien sind griffunempfindlich und leicht zu reinigen.<br \/>\nUnsere Folien sind mit einem umweltvertr\u00e4glichen Kleber ausgestattet und jederzeit r\u00fcckstandslos entfernbar.<\/p>\n<p>&nbsp;<\/p>\n<p><a href=\"https:\/\/werbearchitekten.net\/wordpress\/wp-content\/uploads\/2015\/09\/glasdekor2.jpg\"><img decoding=\"async\" loading=\"lazy\" class=\"alignnone wp-image-36\" src=\"https:\/\/werbearchitekten.net\/wordpress\/wp-content\/uploads\/2015\/09\/glasdekor2-300x67.jpg\" alt=\"glasdekor2\" width=\"564\" height=\"126\" srcset=\"https:\/\/werbearchitekten.net\/wordpress\/wp-content\/uploads\/2015\/09\/glasdekor2-300x67.jpg 300w, https:\/\/werbearchitekten.net\/wordpress\/wp-content\/uploads\/2015\/09\/glasdekor2.jpg 900w\" sizes=\"(max-width: 564px) 100vw, 564px\" \/><\/a><\/p>\n","protected":false},"excerpt":{"rendered":"<p>Wir bieten Ihnen sch\u00f6nen Ausblick und diskreten Einblick! Mit Hilfe von Plottern k\u00f6nnen Graphiken aus Fabrbfolien\u00a0 werden. Die einzelnen so herausgel\u00f6sten Elemente werden dann mit Hilfe einer \u00dcbertragungsfolie auf das Zielobjekt aufgeklebt. So k\u00f6nnen Auto- und LKW- Beklebungen, Gesch\u00e4ftsbeschriftungen oder Schilder hergestellt werden. Jede Folie wird individuell auf den Millimeter gefertigt. Diese Klebefolien sind griffunempfindlich [&hellip;]<\/p>\n","protected":false},"author":1,"featured_media":0,"parent":0,"menu_order":0,"comment_status":"closed","ping_status":"closed","template":"","meta":[],"_links":{"self":[{"href":"https:\/\/werbearchitekten.net\/wordpress\/index.php?rest_route=\/wp\/v2\/pages\/2"}],"collection":[{"href":"https:\/\/werbearchitekten.net\/wordpress\/index.php?rest_route=\/wp\/v2\/pages"}],"about":[{"href":"https:\/\/werbearchitekten.net\/wordpress\/index.php?rest_route=\/wp\/v2\/types\/page"}],"author":[{"embeddable":true,"href":"https:\/\/werbearchitekten.net\/wordpress\/index.php?rest_route=\/wp\/v2\/users\/1"}],"replies":[{"embeddable":true,"href":"https:\/\/werbearchitekten.net\/wordpress\/index.php?rest_route=%2Fwp%2Fv2%2Fcomments&post=2"}],"version-history":[{"count":3,"href":"https:\/\/werbearchitekten.net\/wordpress\/index.php?rest_route=\/wp\/v2\/pages\/2\/revisions"}],"predecessor-version":[{"id":39,"href":"https:\/\/werbearchitekten.net\/wordpress\/index.php?rest_route=\/wp\/v2\/pages\/2\/revisions\/39"}],"wp:attachment":[{"href":"https:\/\/werbearchitekten.net\/wordpress\/index.php?rest_route=%2Fwp%2Fv2%2Fmedia&parent=2"}],"curies":[{"name":"wp","href":"https:\/\/api.w.org\/{rel}","templated":true}]}}